6. Let w = 57 + j. Let o = -18 - w. Calculate the remainder when o is divided by 20.
17
Let v = -95 - -53. Let n = -5 + 5. What is the remainder when -1 - v/2 - n is divided by 11?
9
Suppose 69 = 4*m - q, 5*m + 3*q - 12 = 70. Let n(b) = -3*b + 10. Calculate the remainder when n(-7) is divided by m.
14
Let p(r) = r**3 - 9*r**2 + r - 7. Let t be p(9). Suppose -2*m - 8 = 0, -5*j + 3*m - t*m + 219 = 0. What is the remainder when j is divided by 24?
19
Suppose -3*h = -o - 2580, -2*h - 5*o - 187 = -1890. Calculate the remainder when h is divided by 86.
85
Suppose 0*g - 6*g + 96 = 0. Let k = g + 5. What is the remainder when k is divided by 6?
3
Calculate the remainder when ((-30)/(-20))/((-3)/(-1286)) is divided by 38.
35
Let k = -243 - -293. Calculate the remainder when 137 is divided by k.
37
Suppose -2*n + 2*d - 6*d + 144 = 0, 0 = 5*n - d - 349. Calculate the remainder when 138 is divided by n.
68
Let a(m) = m - 5. Let w be a(7). What is the remainder when 4*12 - (1 + w) is divided by 23?
22
Suppose 0 = 11*r - 8*r - 30. Suppose r = -2*d, 5*d - 367 = -4*n - 0*d. What is the remainder when n is divided by 10?
8
What is the remainder when 63 is divided by (-1840)/(-70) + 6/(-21)?
11
Suppose h - 2*g = 197, 2*g + 73 = -h + 290. Calculate the remainder when h is divided by 35.
32
Suppose -53*p + 11156 + 557 = 0. Calculate the remainder when p is divided by 57.
50
Suppose 0 = 3*b - 1670 - 76. Calculate the remainder when 97 is divided by b/18 + (-6)/(-9).
31
Suppose 488*y + 8944 = 496*y. What is the remainder when y is divided by 33?
29
Let j(o) = 2*o**2 - 10*o + 3. Let x(p) = -59*p - 7. Let y be x(-4). Let n = y - 137. What is the remainder when n is divided by j(7)?
30
Let t be ((-1)/3)/((-2312)/384 + 6). Suppose 2*i + 3*i = 175. Suppose 0 = 4*b + t, -3*v + 8*v = -5*b + i. Calculate the remainder when 18 is divided by v.
7
Let q = -1 - -2. Let l(j) = q + j + 4*j - 11 + 0. What is the remainder when l(9) is divided by 9?
8
Let b(c) = -177*c - 678. What is the remainder when 236 is divided by b(-4)?
26
Suppose 340 = 17*t - 170. Let h(x) = -x**3 + 6*x**2 - 2*x - 3. What is the remainder when t is divided by h(5)?
6
Let y be (-192)/(-7) + (-8)/(-14). Suppose -7*n + 11*n - y = 0. Calculate the remainder when 20 is divided by n.
6
Suppose -8 = -2*f + 4*t, -6*f = -3*f - 2*t - 24. Calculate the remainder when 58 is divided by (456/20 - 7) + 2/f.
10
Let x = -271 + 292. Calculate the remainder when 80 is divided by x.
17
Calculate the remainder when 144 is divided by 15/6*1332/45.
70
Let z be (-33)/(-4) + 4/(-16). Let x = -2 + z. Calculate the remainder when 27 is divided by x/9 + (-86)/(-6).
12
Let n(g) = g**2 + 4*g + 1. Let m(x) = 18*x - 101. Calculate the remainder when n(-9) is divided by m(7).
21
Let z(i) = -i**2 - i. Let d(n) = 5*n**2 + 6*n - 3. Let h(q) = -d(q) - 6*z(q). Calculate the remainder when 51 is divided by h(5).
23
Let w be -6*1*(-3 + 4). Suppose -2*h + 0*h + 34 = -2*b, -4*b + 130 = 5*h. What is the remainder when h is divided by (w/4)/((-6)/16)?
2
Let h be (-12)/(-2)*(-2 - -4). Suppose 2*d + 2*d = h. Calculate the remainder when 41 is divided by 7/((9/6)/d).
13
Suppose -20 = 2*v + 5*t, 13 + 7 = 2*v - 5*t. Suppose o - 12 = -f, f - 29 = -2*o - v*o. Let u = -1645 + 1695. Calculate the remainder when u is divided by o.
16
Let x = 4 + -6. Calculate the remainder when (-1 + 0)/(x/76) is divided by ((-4)/12 - 4)*-3.
12
Let i = 586 + -457. What is the remainder when i is divided by 37?
18
Suppose -9*h = 46 - 208. What is the remainder when 1292 is divided by h?
14
Suppose 0 = 4*x + 2 - 10. Suppose -7*r + 6*r = -x. Suppose -5*h + t + 109 = 0, r*h = -3*h - 4*t + 89. What is the remainder when 38 is divided by h?
17
What is the remainder when 724 is divided by (-8)/10 + -393*12/(-45)?
100
Suppose 0 = 22*x - 19*x, 3*x = 4*o - 32. Calculate the remainder when o is divided by 3.
2
Let c = 85 + -98. Let z(t) = -t + 15. Calculate the remainder when 78 is divided by z(c).
22
Suppose 0 = -3*o - 11 + 56. Calculate the remainder when o is divided by 6.
3
Let v = 69 + -66. Suppose 57 = v*m + 3*c, 3*m = 2*c - 10 + 62. What is the remainder when 82 is divided by m?
10
Suppose 4*t + o = -o + 288, 3*t + 2*o = 218. Let m be ((-28)/(-6))/(2/(-3)). Calculate the remainder when t is divided by ((-18)/m)/((-1)/(-7)).
16
Let w(i) = -2*i**3 - 5*i**2 - 6*i + 3. Let h be w(-4). Suppose -21 = r - h. What is the remainder when r is divided by 14?
12
Suppose -3*j + 2 = -4, 2*m = 5*j + 104. Suppose g + 0 = -4*k + 37, -k = -g - 13. What is the remainder when m is divided by k?
7
Let i(j) = -j + 17. Let u be i(10). Suppose 0 = -5*c - 2 + u. Calculate the remainder when 47 is divided by 12 + (0/c)/(-3).
11
Suppose -73*s = -80*s + 252. What is the remainder when 646 is divided by s?
34
Let s(t) = t**3 + 48*t**2 + 42*t - 228. What is the remainder when 1006 is divided by s(-47)?
5
Let q(k) = k**2 - 13*k + 3. Let p be q(13). Let d(l) = 5*l**3 + l. Let h be d(2). What is the remainder when (-1)/p + 476/h is divided by 7?
4
Suppose 3*h + h = -12. Suppose 2*w = 2*i + 12 - 70, -3*w = 15. What is the remainder when i is divided by 14 + (h - (-2 - 0))?
11
Let s = 1390 + -1042. Calculate the remainder when s is divided by 39.
36
Calculate the remainder when 239 is divided by (-16)/8*-9 - (4 - 1).
14
Let m(s) = 30*s**2 - 5*s - 3. Calculate the remainder when m(-3) is divided by 15.
12
What is the remainder when 169 is divided by ((-2)/2)/((-13)/286)?
15
Suppose -21 = -2*p - p. Let k(n) = -n**3 + 8*n**2 - n - 4. Suppose 20 = 2*z - 20. Calculate the remainder when k(p) is divided by z.
18
Let x(n) = -30*n - 67. Calculate the remainder when 42 is divided by x(-3).
19
Let j = -8 + 20. What is the remainder when 17*4*(-39)/(-52) - -5 is divided by j?
8
Let t(v) = 6*v + 343. Suppose -5*i + b = -311, 3*i - 2*b - 188 = -0*b. Calculate the remainder when i is divided by t(-55).
10
Let j(k) = 6*k - 226. Calculate the remainder when 139 is divided by j(41).
19
Let i(u) = 4*u**3 - u**2 - u - 1. Calculate the remainder when i(2) is divided by (-7)/(-2*(-7)/(-28)*2).
4
Calculate the remainder when (-4)/(-22) - (59220/55)/(-7) is divided by 31.
30
Suppose 0 = -3*f + 65 - 41. Calculate the remainder when f is divided by 35/(-20)*-4 + -2.
3
Suppose -45*w + 49*w - 128 = 0. Calculate the remainder when w is divided by 7.
4
Let j(k) = -k**3 + 2*k**2 + 12*k - 11. Let p be (-2)/(-8) + (-18)/8. Calculate the remainder when j(4) is divided by 3/(p/(-1 - 1)).
2
Suppose 38*o - 10265 = -3995. Calculate the remainder when o is divided by 26.
9
Let u be (6/8)/((-2)/(-24)). Suppose u*p = p + 48. Calculate the remainder when 23 is divided by p.
5
Let x = 22 - 51. Let f = x - -57. What is the remainder when f is divided by 10?
8
Let v = -6 + 11. Suppose -j = -0*y + v*y - 489, 0 = -5*y - 3*j + 497. Calculate the remainder when y is divided by 8 - 12 - -3 - (-33 - 1).
31
Let i = 1083 - 1037. What is the remainder when i is divided by 17?
12
Let x(l) = -l**2 - l + 1. Let z(a) = -5*a**2 - 7*a + 66. Let b(r) = 4*x(r) - z(r). Calculate the remainder when b(18) is divided by 53.
51
Let f = 0 + 1. Suppose -r = -17 - f. Calculate the remainder when 107 is divided by r.
17
Let o = -35 - -60. Calculate the remainder when 104 is divided by o.
4
Suppose 102 = g + 2*b, -5*g + 4*g + 107 = 3*b. Let y = g + -19. Calculate the remainder when y is divided by 19.
16
Suppose -6*n + 290 + 430 = 0. Calculate the remainder when n is divided by 69.
51
What is the remainder when 116 is divided by (42 + -41)*26/2?
12
Let o = -158 - -176. Let h be 3/(((-6)/(-27))/2). Suppose 4*y - h = -7. Calculate the remainder when o is divided by y.
3
Suppose -5*j = -12*k + 16*k - 153, -4*j + 156 = 4*k. Calculate the remainder when k is divided by (-15)/10*44/(-6).
9
Suppose v = -0*c - c + 9, -15 = -v + c. What is the remainder when v is divided by 7?
5
Suppose -10*h + 4*l + 188 = -6*h, 0 = l. Calculate the remainder when 89 is divided by h.
42
Let q(b) = 89*b + 240. What is the remainder when q(5) is divided by 99?
91
Let r(q) = q**3 + 4*q**2 - 4*q - 5. Suppose -y - 3*m = -9, -2*m = -2*y + 20 + 30. Calculate the remainder when y is divided by r(-4).
10
Let t(x) be the third derivative of 0 + 1/60*x**5 + 0*x + 1/24*x**4 + 11/2*x**3 - 2*x**2. What is the remainde